540
In base 2, what is 10000110100000100101010 + -11011111?
10000110100000001001011
In base 11, what is -288794a + -11?
-2887960
In base 14, what is -3ddd8 - 1108?
-41102
In base 15, what is 2cd9b8 + -328?
2cd690
In base 16, what is 79fd7 - -6e?
7a045
In base 5, what is -1131402203 + 232?
-1131401421
In base 7, what is 4000603 - 2416?
3665154
In base 10, what is 980700 - -179?
980879
In base 11, what is 320 + 4879?
5099
In base 8, what is 76320236 - -1?
76320237
In base 5, what is 1443 - 30323012?
-30321014
In base 16, what is -1 + -444e82b?
-444e82c
In base 14, what is -18672dd + 4?
-18672d9
In base 9, what is 5 - 131531807?
-131531802
In base 13, what is -1155 + -43888?
-44a10
In base 14, what is 1d472 - 62?
1d410
In base 8, what is 5 + 61173016?
61173023
In base 16, what is 2 + 459bf64?
459bf66
In base 6, what is -12023 + 334341?
322314
In base 7, what is 5461 - -6124?
14615
In base 3, what is 2 + -1101201110021?
-1101201110012
In base 7, what is 221 + -26300?
-26046
In base 4, what is -30301330012 + 11120?
-30301312232
In base 7, what is 5 - -133452234?
133452242
In base 2, what is 11001001011110 - 10101011110?
10110100000000
In base 5, what is -13 + 424113424?
424113411
In base 7, what is -3 - 1362044134?
-1362044140
In base 13, what is -92 + 93ac?
931a
In base 8, what is 26 + -706252?
-706224
In base 7, what is 51 - 110460113?
-110460032
In base 11, what is 3 + 60772877?
6077287a
In base 4, what is 1022333 + -22320?
1000013
In base 13, what is -13 - -59baa1?
59ba8b
In base 6, what is 3 + -423320013?
-423320010
In base 16, what is 297dc + 5a?
29836
In base 3, what is -2001101212122020200 + -2?
-2001101212122020202
In base 9, what is -40468122 + 3?
-40468118
In base 12, what is 70b321 - 52?
70b28b
In base 3, what is 20220110010222 + -11?
20220110010211
In base 6, what is 4545 + 102441?
111430
In base 13, what is -16799061 - -2?
-1679905c
In base 4, what is 11302232300 + 0?
11302232300
In base 9, what is -63 + 332660?
332586
In base 13, what is 13cc9 + 410?
14409
In base 7, what is 24166 + 35?
24234
In base 16, what is faa0f - -f0?
faaff
In base 3, what is -20112001022000220 + 1?
-20112001022000212
In base 3, what is 12201 - -10000101?
10020002
In base 14, what is 5492 + 1c07?
7299
In base 5, what is -3 + 41412021?
41412013
In base 5, what is -334 + 2414121?
2413232
In base 11, what is 3039aa94 - 2?
3039aa92
In base 7, what is 15314 - 215643?
-200326
In base 2, what is -100 + -11000101111101111001?
-11000101111101111101
In base 10, what is 0 - -499017?
499017
In base 5, what is 1 + 1230330443?
1230330444
In base 11, what is 29 + 487650?
487679
In base 6, what is 131 - 41554514?
-41554343
In base 15, what is 95d1 - -82?
9663
In base 9, what is -1 + 57221552?
57221551
In base 11, what is 0 + 121143?
121143
In base 9, what is -120 - -13124?
13004
In base 2, what is -111101111010110010000000 + -1000?
-111101111010110010001000
In base 15, what is 3cc + 5221?
55ed
In base 4, what is -120 - 1123111232020?
-1123111232200
In base 15, what is -be39 - 2a1e?
-e958
In base 9, what is -60601488 + -6?
-60601505
In base 4, what is -1020232 + 1111120?
30222
In base 6, what is -21 + -251111025?
-251111050
In base 9, what is 20375105 - -3?
20375108
In base 14, what is 161004 + -41?
160da3
In base 7, what is -262 + -14016251?
-14016543
In base 16, what is -4 - 17c43b?
-17c43f
In base 6, what is 3 - 54022131334?
-54022131331
In base 6, what is 153052 - 331?
152321
In base 12, what is -78a212 + -11?
-78a223
In base 11, what is -211 - -23631?
23420
In base 12, what is -6a895 + 559?
-6a338
In base 7, what is -20 - 3032533?
-3032553
In base 7, what is 224634 + -406?
224225
In base 2, what is -111001100100111110000100100 + -10?
-111001100100111110000100110
In base 7, what is 54 - 2324306?
-2324222
In base 3, what is -11 - -1212110000122211?
1212110000122200
In base 13, what is -3 - 2b5a50?
-2b5a53
In base 5, what is -20111101331 + 2?
-20111101324
In base 15, what is -e84ec + -1e?
-e851b
In base 9, what is -56 - -2824830?
2824763
In base 3, what is -10 + -12002200001211111?
-12002200001211121
In base 6, what is 21054145530 + -4?
21054145522
In base 2, what is -11110111111000100101 + -1000?
-11110111111000101101
In base 6, what is 444254110 - 1?
444254105
In base 14, what is -1 - a694681?
-a694682
In base 8, what is -2270733 + 36?
-2270675
In base 4, what is 3331122310 + -2023?
3331120221
In base 16, what is -4b7f7c - 11?
-4b7f8d
In base 16, what is -1767ff - -8b?
-176774
In base 15, what is -83c - 10e27?
-11764
In base 12, what is -408 + -20a6a?
-21276
In base 13, what is -214 + -11c86?
-1219a
In base 9, what is 162410875 + 1?
162410876
In base 4, what is -312223332330 + -113?
-312223333103
In base 7, what is -101501154 - 13?
-101501200
In base 4, what is 3 + -33121013301323?
-33121013301320
In base 14, what is -2d + 1dc1a?
1dbcb
In base 3, what is 12221100212 - 12222112?
12201101100
In base 5, what is -4140 + -10330212?
-10334402
In base 16, what is 714c + -4bc6?
2586
In base 6, what is 14555351151 + -2?
14555351145
In base 15, what is 3 + -268836?
-268833
In base 4, what is 202321111313 + 1?
202321111320
In base 9, what is -1 + 376760481?
376760480
In base 14, what is -81b05 + -14?
-81b19
In base 8, what is -200 + -22415?
-22615
In base 7, what is 2 + 1662234441?
1662234443
In base 10, what is 347204 + 13?
347217
In base 6, what is 0 + 1105234243?
1105234243
In base 8, what is 1 - 3021331?
-3021330
In base 6, what is 10 + -12154212533?
-12154212523
In base 14, what is -17d + 6b442a?
6b428b
In base 14, what is 64 + -60d0?
-606a
In base 7, what is 54 - 14605210?
-14605123
In base 13, what is a4aba + 12?
a4acc
In base 8, what is 113526027 - -16?
113526045
In base 2, what is 10111101000011010101011 + 10?
10111101000011010101101
In base 11, what is -6137 - -5?
-6132
In base 9, what is -28 + -5253803?
-5253832
In base 4, what is 2 - -320213221033?
320213221101
In base 5, what is 10 + 2330030042?
2330030102
In base 10, what is 5008 - 43795?
-38787
In base 3, what is 0 + -2120001021?
-2120001021
In base 3, what is 1111002211011 - -21201?
1111010002212
In base 10, what is -2 - 5751069?
-5751071
In base 3, what is 1201 - 21021201121200?
-21021201112222
In base 4, what is 33021033312331 - -11?
33021033313002
In base 13, what is -b + -a64659?
-a64667
In base 16, what is 105712 - -13?
105725
In base 6, what is -15020420 + -352?
-15021212
In base 11, what is -183a7a - -409?
-183671
In base 12, what is 4 - -182b2354?
182b2358
In base 12, what is -17107 - -15a?
-16b69
In base 14, what is 2c94 + -6c?
2c26
In base 9, what is 120730 + -10874?
108745
In base 13, what is 1892 - 0?
1892
In base 14, what is 119 + -c6a0?
-c585
In base 13, what is -8882 + 20c?
-8673
In base 6, what is 141152432 - 1332?
141151100
In base 6, what is 4 - 35534002500?
-35534002452
In base 5, what is 23114031 + 121?
23114202
In base 9, what is -76487778 + -8?
-76487787
In base 16, what is -c23d8 + -19?
-c23f1
In base 5, what is 24310410304 + -31?
24310410223
In base 9, what is 13663 - -1363?
15136
In base 7, what is -11631410365 - 4?
-11631410402
In base 12, what is -b67 + -1322?
-2289
In base 10, what is 148732 + 40?
148772
In base 4, what is 112213 - -10331031?
11103310
In base 11, what is 158 - -1553a?
15697
In base 15, what is -4 + -4ddadc?
-4ddae1
In base 10, what is -799 - 337867?
-338666
In base 14, what is -d0 - 82203?
-822d3
In base 16, what is -1abc - 37ce?
-528a
In base 12, what is 1 - 3a08324b?
-3a08324a
In base 12, what is -4ba + -103352?
-103850
In base 13, what is -50970 + -82?
-50a22
In base 7, what is -16361 + -465?
-20156
In base 12, what is 7a2 - 117ba?
-11018
In base 7, what is 1420423051 - 3?
1420423045
In base 3, what is -1221212021002211 - -1?
-1221212021002210
In base 14, what is -2d42 - 1129?
-406b
In base 4, what is -2 + -22322302101022?
-22322302101030
In base 12, what is b22953 - -71?
b22a04
In base 5, what is 1 - -343223421034?
343223421040
In base 2, what is -111111 + -11110001101010000?
-11110001110001111
In base 2, what is -100011110010110111000 + 111111000?
-100011110001111000000
In base 11, what is -738966 - a?
-738975
In base 2, what is 1000101100101 - 110100010100000?
-101011100111011
In base 15, what is 61c - 324c?
-2b30
In base 8, what is -3137 - 103500?
-106637
In bas